4) in base 10?
1866077
What is -101221221122 (base 3) in base 6?
-4342455
Convert -d5017 (base 16) to base 8.
-3250027
Convert 2ac104 (base 16) to base 10.
2801924
What is 102220200211 (base 3) in base 2?
111001010000010101
85788 (base 9) to base 11
39729
What is 6112564 (base 7) in base 12?
2b0227
What is -159a70 (base 11) in base 12?
-bb2aa
Convert -1a53e (base 15) to base 3.
-11100100212
Convert 27c9650 (base 13) to base 15.
1193238
What is -1388aa (base 11) in base 7?
-1561544
Convert -4998347 (base 10) to base 12.
-181068b
-754 (base 14) to base 8
-2646
Convert 571223 (base 9) to base 6.
11155420
Convert 1370557 (base 10) to base 9.
2518041
Convert -33465244 (base 7) to base 6.
-142150331
Convert -325460 (base 9) to base 3.
-100212112000
What is 9a3150 (base 11) in base 9?
3007750
Convert -14210210 (base 5) to base 4.
-210001203
What is 92709 (base 15) in base 6?
13535543
What is 327533 (base 10) in base 3?
121122021212
-309762 (base 12) to base 5
-143410010
10010001100100000111001 (base 2) to base 3
22222100000002
236265 (base 7) to base 12
20a90
-2920036 (base 10) to base 14
-560220
What is 165713 (base 12) in base 8?
1353677
What is 353404 (base 7) in base 10?
63655
What is 4ca1b4 (base 13) in base 11?
1054091
8256228 (base 10) to base 13
1930c56
-b39a52 (base 16) to base 15
-107781a
Convert 38a37 (base 15) to base 11.
114137
-1035da (base 16) to base 9
-1888252
-422121041 (base 5) to base 8
-6542631
Convert -301042110 (base 5) to base 9.
-2213673
Convert -10010111001100110110 (base 2) to base 16.
-97336
-3221130 (base 6) to base 16
-26aae
What is -33534225 (base 6) in base 14?
-1c8dcd
Convert -100100010011111111 (base 2) to base 5.
-14224420
Convert 20843 (base 15) to base 4.
121023021
-2a1214 (base 11) to base 14
-c3468
164013 (base 7) to base 8
77523
53103522 (base 6) to base 10
1548266
What is -1212212110 (base 4) in base 10?
-420244
7037467 (base 9) to base 14
6d6c66
What is 111111111110011101000 (base 2) in base 5?
1014040420
What is -100101110011001111 (base 2) in base 3?
-21212101111
-1102100021 (base 3) to base 5
-1343302
-111000000000000111 (base 2) to base 16
-38007
Convert -97754 (base 13) to base 16.
-42d10
Convert 2002002121 (base 3) to base 4.
21332332
What is -13323012132 (base 4) in base 6?
-112304050
Convert 24553450 (base 6) to base 3.
1111021100110
Convert 1a84e2 (base 15) to base 13.
363b33
Convert 69676 (base 16) to base 5.
102303414
-2517075 (base 9) to base 10
-1369859
3828120 (base 10) to base 4
32212212120
30124424 (base 6) to base 14
1822c0
bc30 (base 15) to base 3
2000200200
-3807836 (base 11) to base 16
-64e9a7
Convert -86787 (base 10) to base 2.
-10101001100000011
8da3e (base 15) to base 9
756815
Convert 11424a (base 12) to base 10.
276826
What is -2b576 (base 13) in base 3?
-11011210121
What is 9b541 (base 14) in base 6?
12025113
Convert -2000102202100 (base 3) to base 12.
-438076
-1101101101111010 (base 2) to base 16
-db7a
-10010101111110 (base 2) to base 16
-257e
What is 1001010111010011100 (base 2) in base 11?
19a59a
-11201020020202 (base 3) to base 2
-1001100011011001101001
What is -1364226 (base 7) in base 2?
-101100111010011110
-333a7d (base 14) to base 16
-1a890f
What is 1182301 (base 10) in base 3?
2020001210221
Convert -76b34 (base 13) to base 6.
-4335231
41b86a (base 14) to base 12
8b175a
-111210012210 (base 3) to base 12
-111040
1a7bab (base 12) to base 8
1625763
-71565 (base 8) to base 2
-111001101110101
What is -1766583 (base 10) in base 3?
-10022202022000
What is 4b96c (base 15) in base 16?
3b058
What is 66753 (base 14) in base 8?
745125
What is -291b04 (base 12) in base 8?
-2476764
What is -22571236 (base 9) in base 7?
-162152115
What is 453887 (base 14) in base 9?
4376102
-14404100 (base 5) to base 12
-74b02
What is -20d82 (base 15) in base 11?
-713a6
-4463306 (base 7) to base 12
-228318
-100223300 (base 4) to base 14
-1ac92
What is -2124004421 (base 5) in base 12?
-1619690
-cc2ac (base 14) to base 13
-1440a9
662362 (base 8) to base 3
102022010220
223695 (base 10) to base 5
24124240
What is 1182bf (base 16) in base 12?
47413b
Convert -4351117 (base 9) to base 15.
-312497
Convert -ba751b (base 12) to base 4.
-23102000213
Convert d44b (base 16) to base 5.
3214342
What is 43cc8 (base 14) in base 16?
28248
What is 3122302 (base 4) in base 14?
5162
What is -734750 (base 9) in base 6?
-13205030
What is -1c1a35 (base 13) in base 12?
-2a7598
-2c85c (base 14) to base 8
-331462
223463661 (base 7) to base 12
4685823
-987497 (base 11) to base 4
-12000320232
20200210102210 (base 3) to base 10
3558567
-5811d (base 14) to base 9
-355811
Convert -161971 (base 14) to base 15.
-104037
What is 17753 (base 12) in base 4?
20101233
What is -724156 (base 9) in base 8?
-1506711
Convert 13334314 (base 7) to base 8.
4555274
-1166323 (base 7) to base 9
-250221
Convert -112043455 (base 6) to base 8.
-7665173
Convert 794a31 (base 11) to base 10.
1265694
Convert 121432 (base 8) to base 7.
232506
-4323a0 (base 11) to base 14
-13dcbc
What is -98024 (base 10) in base 8?
-277350
Convert 121322131 (base 4) to base 5.
11344031
What is -16a45 (base 16) in base 6?
-1553205
What is 256807 (base 9) in base 5?
14442212
Convert 100000100011111110 (base 2) to base 12.
65226
Convert 20212111 (base 4) to base 13.
13054
Convert -92a96 (base 12) to base 8.
-566222
615127 (base 11) to base 4
3301021220
What is 110121233 (base 4) in base 9?
136562
633303 (base 7) to base 8
325250
What is -30333300323 (base 4) in base 10?
-3406907
Convert -12130041224 (base 5) to base 13.
-2c688a6
What is -1a5065a (base 13) in base 11?
-49a1162
What is 7132734 (base 8) in base 16?
1cb5dc
What is 806801 (base 9) in base 3?
220020220001
532355 (base 9) to base 11
1a6a20
Convert 100110011110011011 (base 2) to base 16.
2679b
What is 10462668 (base 9) in base 10?
5060537
-108d9e (base 15) to base 5
-200230244
Convert -100100000111110101011 (base 2) to base 15.
-185aa9
What is -1093170 (base 11) in base 5?
-442020041
186b0 (base 15) to base 14
20bac
3312300212 (base 4) to base 11
630412
Convert 102552 (base 10) to base 13.
378a8
-9122b (base 13) to base 2
-111111011000100101
What is 4323120 (base 6) in base 13?
760a1
What is -59c8b0 (base 14) in base 8?
-13553112
-11086 (base 13) to base 3
-1120100021
Convert 100223211012 (base 4) to base 9.
8204323
Convert 365144 (base 8) to base 4.
132221210
What is -7718650 (base 9) in base 6?
-224512030
Convert -421320034 (base 6) to base 9.
-14743524
2057363 (base 8) to base 10
548595
Convert -476276 (base 8) to base 10.
-163006
What is -311323233 (base 4) in base 14?
-5a715
What is 7b06a (base 14) in base 9?
505363
4157283 (base 11) to base 3
111210102002001
Convert 1cd4c8 (base 15) to base 11.
88480a
What is 1709b20 (base 13) in base 15?
9c1a13
What is 7b811 (base 13) in base 5?
24203320
-5160250 (base 7) to base 3
-1011110220211
What is 146102 (base 7) in base 8?
67550
What is 13521 (base 14) in base 2?
1011101000101001
What is -52334201 (base 7) in base 12?
-1589378
What is 67775254 (base 8) in base 11?
8316363
Convert -1505942 (base 11) to base 14.
-4b3caa
What is -20322542 (base 6) in base 9?
-1083378
11490c (base 16) to base 2
100010100100100001100
-3233304 (base 6) to base 5
-20111133
7302574 (base 8) to base 16
1d857c
1400413434 (base 5) to base 9
6568182
414728 (base 9) to base 3
110111210222
bc761 (base 13) to base 5
41414142
Convert 363e7b (base 16) to base 5.
1402224224
What is 2ab9 (base 15) in base 6?
110250
What is -20241300 (base 5) in base 9?
-271545
Convert -a3029 (base 13) to base 6.
-10132540
Convert -862b (base 16) to base 6.
-423003
2c2b73 (base 16) to base 13
7a475a
What is -10233a (base 15) in base 5?
-144014410
What is 1818409 (base 11) in base 6?
150045515
-3ad623 (base 14) to base 15
-2a2c41
43023122 (base 5) to base 9
610222
What is -20829 (base 15) in base 11?
-704a8
What is -12214342004 (base 5) in base 11?
-8276682
What is -53031 (base 9) in base 8?
-104314
Convert -110ab41 (base 14) to base 4.
-132320303311
Convert -83208 (base 13) to base 5.
-30013200
2302320031 (base 4) to base 10
732685
What is -40112321 (base 5) in base 4?
-1031102222
Convert -24dff (base 16) to base 6.
-3123131
1e026 (base 15) to base 5
11113121
What is -2004204 (base 5) in base 7?
-161503
Convert -19613 (base 11)